{"id":21,"date":"2020-12-02T20:35:41","date_gmt":"2020-12-02T20:35:41","guid":{"rendered":"http:\/\/www.stiz.cz\/?page_id=21"},"modified":"2022-12-06T13:40:27","modified_gmt":"2022-12-06T13:40:27","slug":"o-nas","status":"publish","type":"page","link":"https:\/\/www.stiz.cz\/index.php\/uvod\/o-nas\/","title":{"rendered":"Slu\u017eby"},"content":{"rendered":"\n<p class=\"has-text-align-left\"><strong>Nab\u00edz\u00edme V\u00e1m dod\u00e1vku odborn\u011b a kvalitn\u011b proveden\u00fdch prac\u00ed za rozumn\u00e9 ceny<\/strong><\/p>\n\n\n\n<div class=\"wp-block-columns alignwide are-vertically-aligned-top is-layout-flex wp-container-core-columns-is-layout-9d6595d7 wp-block-columns-is-layout-flex\">\n<div class=\"wp-block-column is-vertically-aligned-top is-layout-flow wp-block-column-is-layout-flow\">\n<div class=\"wp-block-cover aligncenter is-light\" style=\"min-height:250px;aspect-ratio:unset;\"><span aria-hidden=\"true\" class=\"wp-block-cover__background has-background-dim\"><\/span><img loading=\"lazy\" decoding=\"async\" width=\"869\" height=\"655\" class=\"wp-block-cover__image-background wp-image-561\" alt=\"\" src=\"https:\/\/www.stiz.cz\/wp-content\/uploads\/2020\/12\/hydroizolace-strechy-systemem-PVC-folie-1-002.jpg\" style=\"object-position:29% 49%\" data-object-fit=\"cover\" data-object-position=\"29% 49%\" srcset=\"https:\/\/www.stiz.cz\/wp-content\/uploads\/2020\/12\/hydroizolace-strechy-systemem-PVC-folie-1-002.jpg 869w, https:\/\/www.stiz.cz\/wp-content\/uploads\/2020\/12\/hydroizolace-strechy-systemem-PVC-folie-1-002-300x226.jpg 300w, https:\/\/www.stiz.cz\/wp-content\/uploads\/2020\/12\/hydroizolace-strechy-systemem-PVC-folie-1-002-768x579.jpg 768w\" sizes=\"auto, (max-width: 869px) 100vw, 869px\" \/><div class=\"wp-block-cover__inner-container is-layout-flow wp-block-cover-is-layout-flow\">\n<p class=\"has-text-align-center has-nv-site-bg-color has-text-color has-large-font-size\">Specializovan\u00e9 slu\u017eby<\/p>\n<\/div><\/div>\n\n\n\n<hr class=\"wp-block-separator has-text-color has-neve-button-color-color has-css-opacity has-neve-button-color-background-color has-background is-style-default\"\/>\n\n\n\n<ul class=\"wp-block-list\">\n<li>Hydroizolace ploch\u00fdch st\u0159ech<\/li>\n\n\n\n<li>Hydroizolace teras a balk\u00f3n\u016f<\/li>\n\n\n\n<li>Hydroizolace baz\u00e9n\u016f a jez\u00edrek<\/li>\n\n\n\n<li>Izolace spodn\u00edch staveb<\/li>\n\n\n\n<li>Rekonstrukce a opravy \u0161ikm\u00fdch st\u0159ech<\/li>\n\n\n\n<li>Zateplen\u00ed&nbsp;budov<\/li>\n\n\n\n<li>Zateplen\u00ed st\u0159ech<\/li>\n\n\n\n<li>Izolat\u00e9rsk\u00e9 pr\u00e1ce<\/li>\n\n\n\n<li>Klemp\u00ed\u0159sk\u00e9 pr\u00e1ce<\/li>\n\n\n\n<li>Pokr\u00fdva\u010dsk\u00e9 pr\u00e1ce<\/li>\n\n\n\n<li>Z\u00e1chytn\u00fd syst\u00e9m st\u0159ech<\/li>\n<\/ul>\n<\/div>\n\n\n\n<div class=\"wp-block-column is-vertically-aligned-top is-layout-flow wp-block-column-is-layout-flow\">\n<div class=\"wp-block-cover aligncenter is-position-center-center\" style=\"min-height:250px;aspect-ratio:unset;\"><span aria-hidden=\"true\" class=\"wp-block-cover__background has-background-dim\"><\/span><img loading=\"lazy\" decoding=\"async\" width=\"2560\" height=\"1439\" class=\"wp-block-cover__image-background wp-image-563\" alt=\"\" src=\"https:\/\/www.stiz.cz\/wp-content\/uploads\/2020\/12\/DSC_0924-1-scaled.jpg\" data-object-fit=\"cover\" srcset=\"https:\/\/www.stiz.cz\/wp-content\/uploads\/2020\/12\/DSC_0924-1-scaled.jpg 2560w, https:\/\/www.stiz.cz\/wp-content\/uploads\/2020\/12\/DSC_0924-1-300x169.jpg 300w, https:\/\/www.stiz.cz\/wp-content\/uploads\/2020\/12\/DSC_0924-1-1024x576.jpg 1024w, https:\/\/www.stiz.cz\/wp-content\/uploads\/2020\/12\/DSC_0924-1-768x432.jpg 768w, https:\/\/www.stiz.cz\/wp-content\/uploads\/2020\/12\/DSC_0924-1-1536x864.jpg 1536w, https:\/\/www.stiz.cz\/wp-content\/uploads\/2020\/12\/DSC_0924-1-2048x1151.jpg 2048w\" sizes=\"auto, (max-width: 2560px) 100vw, 2560px\" \/><div class=\"wp-block-cover__inner-container is-layout-flow wp-block-cover-is-layout-flow\">\n<p class=\"has-text-align-center has-large-font-size\">Dopl\u0148kov\u00e9 slu\u017eby<\/p>\n<\/div><\/div>\n\n\n\n<hr class=\"wp-block-separator has-text-color has-neve-button-color-color has-css-opacity has-neve-button-color-background-color has-background is-style-default\"\/>\n\n\n\n<ul class=\"wp-block-list\">\n<li>Dod\u00e1vku + mont\u00e1\u017e st\u0159e\u0161n\u00edch oken<\/li>\n\n\n\n<li>Dod\u00e1vku + mont\u00e1\u017e odvod\u0148ovac\u00edch syst\u00e9m\u016f<\/li>\n\n\n\n<li>Dod\u00e1vka + mont\u00e1\u017e ventila\u010dn\u00edch turb\u00edn LOMANCO<\/li>\n\n\n\n<li>Zednick\u00e9 opravy kom\u00edn\u016f<\/li>\n\n\n\n<li>Pron\u00e1jem stavebn\u00edho v\u00fdtahu GEDA<\/li>\n\n\n\n<li>Periodick\u00e9 servisn\u00ed prohl\u00eddky st\u0159ech<\/li>\n\n\n\n<li>Zpracov\u00e1n\u00ed projektov\u00e9 dokumentace nebo tepeln\u011b technick\u00e9ho posudku<\/li>\n\n\n\n<li>V\u00fdtahov\u00e9 zkou\u0161ky a v\u00fdpo\u010det st\u0159e\u0161n\u00edho kotven\u00ed<\/li>\n\n\n\n<li>N\u00e1vrhy nejvhodn\u011bj\u0161\u00ed krytiny a zateplen\u00ed st\u0159e\u0161n\u00edho pl\u00e1\u0161t\u011b<\/li>\n\n\n\n<li>Zimn\u00ed shoz sn\u011bhu a ledu<\/li>\n<\/ul>\n\n\n\n<p><\/p>\n<\/div>\n<\/div>\n\n\n\n<p class=\"has-text-align-center\">Pokud se rozhodnete pro realizaci kompletn\u00ed stavby nebo jen d\u00edl\u010d\u00edch dod\u00e1vek prac\u00ed, obra\u0165te se na n\u00e1s!<\/p>\n\n\n\n<p class=\"has-text-align-center\">Realizace \u0161ikm\u00fdch a ploch\u00fdch st\u0159ech firma prov\u00e1d\u00ed ji\u017e od roku 2005 bez reklamac\u00ed a ke spokojenosti z\u00e1kazn\u00edk\u016f.<\/p>\n\n\n\n<p class=\"has-text-align-center\"><strong>P\u0159esv\u011bd\u010dte se i Vy!<\/strong><\/p>\n\n\n\n<div class=\"wp-block-buttons is-content-justification-center is-layout-flex wp-container-core-buttons-is-layout-16018d1d wp-block-buttons-is-layout-flex\">\n<div class=\"wp-block-button is-style-default\"><a class=\"wp-block-button__link has-nv-site-bg-color has-neve-link-hover-color-background-color has-text-color has-background wp-element-button\" href=\"https:\/\/www.stiz.cz\/index.php\/uvod\/kontakty\/\" target=\"_blank\" rel=\"noopener noreferrer\">Kontakty pro nez\u00e1vaznou popt\u00e1vku<\/a><\/div>\n<\/div>\n\n\n\n<p><\/p>\n","protected":false},"excerpt":{"rendered":"<p>Nab\u00edz\u00edme V\u00e1m dod\u00e1vku odborn\u011b a kvalitn\u011b proveden\u00fdch prac\u00ed za rozumn\u00e9 ceny Pokud se rozhodnete pro realizaci kompletn\u00ed stavby nebo jen d\u00edl\u010d\u00edch dod\u00e1vek prac\u00ed, obra\u0165te se na n\u00e1s! Realizace \u0161ikm\u00fdch a ploch\u00fdch st\u0159ech firma prov\u00e1d\u00ed ji\u017e od roku 2005 bez reklamac\u00ed a ke spokojenosti z\u00e1kazn\u00edk\u016f. P\u0159esv\u011bd\u010dte se i Vy!<\/p>\n","protected":false},"author":1,"featured_media":0,"parent":205,"menu_order":3,"comment_status":"closed","ping_status":"closed","template":"","meta":{"_monsterinsights_skip_tracking":false,"_monsterinsights_sitenote_active":false,"_monsterinsights_sitenote_note":"","_monsterinsights_sitenote_category":0,"neve_meta_sidebar":"","neve_meta_container":"","neve_meta_enable_content_width":"","neve_meta_content_width":0,"neve_meta_title_alignment":"","neve_meta_author_avatar":"","neve_post_elements_order":"","neve_meta_disable_header":"","neve_meta_disable_footer":"","neve_meta_disable_title":"","ngg_post_thumbnail":0,"footnotes":""},"class_list":["post-21","page","type-page","status-publish","hentry"],"_links":{"self":[{"href":"https:\/\/www.stiz.cz\/index.php\/wp-json\/wp\/v2\/pages\/21","targetHints":{"allow":["GET"]}}],"collection":[{"href":"https:\/\/www.stiz.cz\/index.php\/wp-json\/wp\/v2\/pages"}],"about":[{"href":"https:\/\/www.stiz.cz\/index.php\/wp-json\/wp\/v2\/types\/page"}],"author":[{"embeddable":true,"href":"https:\/\/www.stiz.cz\/index.php\/wp-json\/wp\/v2\/users\/1"}],"replies":[{"embeddable":true,"href":"https:\/\/www.stiz.cz\/index.php\/wp-json\/wp\/v2\/comments?post=21"}],"version-history":[{"count":47,"href":"https:\/\/www.stiz.cz\/index.php\/wp-json\/wp\/v2\/pages\/21\/revisions"}],"predecessor-version":[{"id":800,"href":"https:\/\/www.stiz.cz\/index.php\/wp-json\/wp\/v2\/pages\/21\/revisions\/800"}],"up":[{"embeddable":true,"href":"https:\/\/www.stiz.cz\/index.php\/wp-json\/wp\/v2\/pages\/205"}],"wp:attachment":[{"href":"https:\/\/www.stiz.cz\/index.php\/wp-json\/wp\/v2\/media?parent=21"}],"curies":[{"name":"wp","href":"https:\/\/api.w.org\/{rel}","templated":true}]}}