{"id":190,"date":"2020-12-03T18:07:56","date_gmt":"2020-12-03T18:07:56","guid":{"rendered":"http:\/\/www.stiz.cz\/?page_id=190"},"modified":"2020-12-16T21:50:51","modified_gmt":"2020-12-16T21:50:51","slug":"materialy","status":"publish","type":"page","link":"https:\/\/www.stiz.cz\/index.php\/uvod\/materialy\/","title":{"rendered":"Materi\u00e1ly"},"content":{"rendered":"\n<p><strong>Pro realizace dod\u00e1vek prac\u00ed pou\u017e\u00edv\u00e1me materi\u00e1ly hlavn\u011b dle p\u0159\u00e1n\u00ed z\u00e1kazn\u00edka.<\/strong><\/p>\n\n\n\n<div class=\"wp-block-columns is-layout-flex wp-container-core-columns-is-layout-9d6595d7 wp-block-columns-is-layout-flex\">\n<div class=\"wp-block-column is-layout-flow wp-block-column-is-layout-flow\">\n<figure class=\"wp-block-image size-large\"><img loading=\"lazy\" decoding=\"async\" width=\"1024\" height=\"768\" src=\"https:\/\/www.stiz.cz\/wp-content\/uploads\/2020\/12\/Foto-STIZ.jpg\" alt=\"\" class=\"wp-image-669\" srcset=\"https:\/\/www.stiz.cz\/wp-content\/uploads\/2020\/12\/Foto-STIZ.jpg 1024w, https:\/\/www.stiz.cz\/wp-content\/uploads\/2020\/12\/Foto-STIZ-300x225.jpg 300w, https:\/\/www.stiz.cz\/wp-content\/uploads\/2020\/12\/Foto-STIZ-768x576.jpg 768w\" sizes=\"auto, (max-width: 1024px) 100vw, 1024px\" \/><\/figure>\n\n\n\n<h3 class=\"wp-block-heading\">Hydroizolace ploch\u00fdch st\u0159ech, teras a balk\u00f3n\u016f <\/h3>\n\n\n\n<p>Specializujeme se na hydroizolace ploch\u00fdch st\u0159ech: <\/p>\n\n\n\n<ol class=\"wp-block-list\"><li> Technologi\u00ed PVC f\u00f3lie:<\/li><\/ol>\n\n\n\n<ul class=\"wp-block-list\"><li>ALKORPLAN \/DEKPLAN,<\/li><li> PROTAN,<\/li><li> FATRAFOL,<\/li><li> SIKAPLAN<\/li><\/ul>\n\n\n\n<p><\/p>\n\n\n\n<p>2.  Technologi\u00ed asfaltov\u00fdmi SBS p\u00e1sy:<\/p>\n\n\n\n<ul class=\"wp-block-list\"><li> ELASTEK,<\/li><li>ELASTODEK,<\/li><li> GLASTEK<\/li><\/ul>\n<\/div>\n\n\n\n<div class=\"wp-block-column is-layout-flow wp-block-column-is-layout-flow\">\n<figure class=\"wp-block-image size-large\"><img loading=\"lazy\" decoding=\"async\" width=\"800\" height=\"600\" src=\"https:\/\/www.stiz.cz\/wp-content\/uploads\/2020\/12\/P9101058-large.jpg\" alt=\"\" class=\"wp-image-199\" srcset=\"https:\/\/www.stiz.cz\/wp-content\/uploads\/2020\/12\/P9101058-large.jpg 800w, https:\/\/www.stiz.cz\/wp-content\/uploads\/2020\/12\/P9101058-large-300x225.jpg 300w, https:\/\/www.stiz.cz\/wp-content\/uploads\/2020\/12\/P9101058-large-768x576.jpg 768w\" sizes=\"auto, (max-width: 800px) 100vw, 800px\" \/><\/figure>\n\n\n\n<h3 class=\"wp-block-heading\">Zateplen\u00ed fas\u00e1d<\/h3>\n\n\n\n<p>Pro zateplen\u00ed fas\u00e1d preferujeme technologii:<\/p>\n\n\n\n<ul class=\"wp-block-list\"><li>BAUMIT<\/li><li>WEBER<\/li><\/ul>\n\n\n\n<div class=\"wp-block-buttons is-layout-flex wp-block-buttons-is-layout-flex\"><\/div>\n<\/div>\n\n\n\n<div class=\"wp-block-column is-layout-flow wp-block-column-is-layout-flow\">\n<figure class=\"wp-block-image size-large\"><img loading=\"lazy\" decoding=\"async\" width=\"800\" height=\"600\" src=\"https:\/\/www.stiz.cz\/wp-content\/uploads\/2020\/12\/ETERNIT-klasika-2-large.jpg\" alt=\"\" class=\"wp-image-197\" srcset=\"https:\/\/www.stiz.cz\/wp-content\/uploads\/2020\/12\/ETERNIT-klasika-2-large.jpg 800w, https:\/\/www.stiz.cz\/wp-content\/uploads\/2020\/12\/ETERNIT-klasika-2-large-300x225.jpg 300w, https:\/\/www.stiz.cz\/wp-content\/uploads\/2020\/12\/ETERNIT-klasika-2-large-768x576.jpg 768w\" sizes=\"auto, (max-width: 800px) 100vw, 800px\" \/><\/figure>\n\n\n\n<h3 class=\"wp-block-heading\">\u0160ikm\u00e9 st\u0159echy<\/h3>\n\n\n\n<p>\u0160ikm\u00e9 st\u0159echy mohou b\u00fdt realizov\u00e1ny mnoha zp\u016fsoby &#8211; na p\u0159\u00e1n\u00ed z\u00e1kazn\u00edka, co si pro svou st\u0159echu zvol\u00ed :<\/p>\n\n\n\n<ul class=\"wp-block-list\"><li> Technologie ETERNIT, CAPACO, EKOTERNIT,  EUREKO<\/li><li> Technologie BRAMAC, TONDACH,<\/li><li> Technologie RUUKKI, LINDAB<\/li><li> Technologie IKO \u0161indel<\/li><\/ul>\n\n\n\n<div class=\"wp-block-buttons is-layout-flex wp-block-buttons-is-layout-flex\"><\/div>\n<\/div>\n<\/div>\n\n\n\n<p><strong>Dod\u00e1vky materi\u00e1l\u016f zaji\u0161\u0165ujeme prost\u0159ednictv\u00edm certifikovan\u00fdch dodavatel\u016f a prodejc\u016f materi\u00e1l\u016f:<\/strong><\/p>\n\n\n\n<div class=\"wp-block-image\"><figure class=\"alignleft size-large is-resized\"><img loading=\"lazy\" decoding=\"async\" src=\"https:\/\/www.stiz.cz\/wp-content\/uploads\/2020\/12\/logo.png\" alt=\"\" class=\"wp-image-318\" width=\"120\" height=\"47\"\/><figcaption>IZOLPROTAN s.r.o.<\/figcaption><\/figure><\/div>\n\n\n\n<div class=\"wp-block-image\"><figure class=\"alignleft size-large is-resized\"><img decoding=\"async\" src=\"https:\/\/www.stiz.cz\/wp-content\/uploads\/2020\/12\/produits78_0-1-edited.jpg\" alt=\"\" class=\"wp-image-324\" width=\"106\" height=\"79.5\"\/><figcaption>Weber a.s.<\/figcaption><\/figure><\/div>\n\n\n\n<div class=\"wp-block-image\"><figure class=\"alignleft size-large is-resized\"><img loading=\"lazy\" decoding=\"async\" src=\"https:\/\/www.stiz.cz\/wp-content\/uploads\/2020\/12\/dekstavebniny.png\" alt=\"\" class=\"wp-image-316\" width=\"108\" height=\"55\" srcset=\"https:\/\/www.stiz.cz\/wp-content\/uploads\/2020\/12\/dekstavebniny.png 671w, https:\/\/www.stiz.cz\/wp-content\/uploads\/2020\/12\/dekstavebniny-300x152.png 300w\" sizes=\"auto, (max-width: 108px) 100vw, 108px\" \/><figcaption>DEKTRADE a.s.<\/figcaption><\/figure><\/div>\n\n\n\n<div class=\"wp-block-image\"><figure class=\"alignleft size-large is-resized\"><img loading=\"lazy\" decoding=\"async\" src=\"https:\/\/www.stiz.cz\/wp-content\/uploads\/2020\/12\/fatra.png\" alt=\"\" class=\"wp-image-317\" width=\"106\" height=\"61\" srcset=\"https:\/\/www.stiz.cz\/wp-content\/uploads\/2020\/12\/fatra.png 330w, https:\/\/www.stiz.cz\/wp-content\/uploads\/2020\/12\/fatra-300x173.png 300w\" sizes=\"auto, (max-width: 106px) 100vw, 106px\" \/><figcaption>FATRA a.s.<\/figcaption><\/figure><\/div>\n\n\n\n<div class=\"wp-block-image\"><figure class=\"alignleft size-large is-resized\"><img loading=\"lazy\" decoding=\"async\" src=\"https:\/\/www.stiz.cz\/wp-content\/uploads\/2020\/12\/baumit-logo-2-edited-1.png\" alt=\"\" class=\"wp-image-323\" width=\"105\" height=\"78\"\/><figcaption>Baumit a.s.<\/figcaption><\/figure><\/div>\n\n\n\n<div class=\"wp-block-image\"><figure class=\"alignleft size-large is-resized\"><img loading=\"lazy\" decoding=\"async\" src=\"https:\/\/www.stiz.cz\/wp-content\/uploads\/2020\/12\/24.gif\" alt=\"\" class=\"wp-image-319\" width=\"190\" height=\"37\"\/><figcaption>Posp\u00edchal s.r.o.<\/figcaption><\/figure><\/div>\n\n\n\n<p><strong> <\/strong><\/p>\n","protected":false},"excerpt":{"rendered":"<p>Pro realizace dod\u00e1vek prac\u00ed pou\u017e\u00edv\u00e1me materi\u00e1ly hlavn\u011b dle p\u0159\u00e1n\u00ed z\u00e1kazn\u00edka. Hydroizolace ploch\u00fdch st\u0159ech, teras a balk\u00f3n\u016f Specializujeme se na hydroizolace ploch\u00fdch st\u0159ech: Technologi\u00ed PVC f\u00f3lie: ALKORPLAN \/DEKPLAN, PROTAN, FATRAFOL, SIKAPLAN 2. Technologi\u00ed asfaltov\u00fdmi SBS p\u00e1sy: ELASTEK, ELASTODEK, GLASTEK Zateplen\u00ed fas\u00e1d Pro zateplen\u00ed fas\u00e1d preferujeme technologii: BAUMIT WEBER \u0160ikm\u00e9 st\u0159echy \u0160ikm\u00e9 st\u0159echy mohou b\u00fdt realizov\u00e1ny mnoha&hellip;&nbsp;<a href=\"https:\/\/www.stiz.cz\/index.php\/uvod\/materialy\/\" rel=\"bookmark\">\u010c\u00edst d\u00e1le &raquo;<span class=\"screen-reader-text\">Materi\u00e1ly<\/span><\/a><\/p>\n","protected":false},"author":1,"featured_media":0,"parent":205,"menu_order":4,"comment_status":"closed","ping_status":"closed","template":"","meta":{"_monsterinsights_skip_tracking":false,"_monsterinsights_sitenote_active":false,"_monsterinsights_sitenote_note":"","_monsterinsights_sitenote_category":0,"neve_meta_sidebar":"full-width","neve_meta_container":"","neve_meta_enable_content_width":"on","neve_meta_content_width":100,"neve_meta_title_alignment":"","neve_meta_author_avatar":"","neve_post_elements_order":"","neve_meta_disable_header":"","neve_meta_disable_footer":"","neve_meta_disable_title":"","ngg_post_thumbnail":0,"footnotes":""},"class_list":["post-190","page","type-page","status-publish","hentry"],"_links":{"self":[{"href":"https:\/\/www.stiz.cz\/index.php\/wp-json\/wp\/v2\/pages\/190","targetHints":{"allow":["GET"]}}],"collection":[{"href":"https:\/\/www.stiz.cz\/index.php\/wp-json\/wp\/v2\/pages"}],"about":[{"href":"https:\/\/www.stiz.cz\/index.php\/wp-json\/wp\/v2\/types\/page"}],"author":[{"embeddable":true,"href":"https:\/\/www.stiz.cz\/index.php\/wp-json\/wp\/v2\/users\/1"}],"replies":[{"embeddable":true,"href":"https:\/\/www.stiz.cz\/index.php\/wp-json\/wp\/v2\/comments?post=190"}],"version-history":[{"count":11,"href":"https:\/\/www.stiz.cz\/index.php\/wp-json\/wp\/v2\/pages\/190\/revisions"}],"predecessor-version":[{"id":672,"href":"https:\/\/www.stiz.cz\/index.php\/wp-json\/wp\/v2\/pages\/190\/revisions\/672"}],"up":[{"embeddable":true,"href":"https:\/\/www.stiz.cz\/index.php\/wp-json\/wp\/v2\/pages\/205"}],"wp:attachment":[{"href":"https:\/\/www.stiz.cz\/index.php\/wp-json\/wp\/v2\/media?parent=190"}],"curies":[{"name":"wp","href":"https:\/\/api.w.org\/{rel}","templated":true}]}}